alculate the greatest common factor of 136 and 165716.
68
Calculate the highest common divisor of 10199 and 2945.
31
Calculate the highest common factor of 53907 and 16779.
357
What is the highest common factor of 36519 and 235?
47
What is the highest common divisor of 648 and 7065?
9
Calculate the highest common divisor of 6632 and 660713.
829
Calculate the greatest common divisor of 968316 and 744.
372
Calculate the greatest common divisor of 115 and 803965.
115
Calculate the greatest common divisor of 1445 and 1920.
5
What is the greatest common factor of 21 and 2202459?
21
What is the greatest common factor of 1984 and 51088?
496
Calculate the highest common factor of 88723 and 1156.
289
What is the greatest common divisor of 54 and 39969?
9
Calculate the highest common factor of 1063704 and 552.
552
What is the greatest common divisor of 1274 and 26390?
182
What is the greatest common divisor of 240 and 45072?
48
What is the highest common factor of 190842 and 6?
6
Calculate the greatest common factor of 2091510 and 270.
90
Calculate the greatest common divisor of 218 and 17062.
2
What is the greatest common divisor of 2058 and 3738?
42
Calculate the greatest common factor of 192 and 1212.
12
What is the greatest common divisor of 15756 and 364?
52
Calculate the greatest common factor of 29616 and 10944.
48
What is the greatest common factor of 606914 and 143?
11
What is the greatest common divisor of 4 and 2350?
2
Calculate the highest common divisor of 18816 and 8673.
147
Calculate the greatest common factor of 37323 and 78.
39
Calculate the greatest common factor of 1976 and 182552.
152
What is the greatest common factor of 3304300 and 955?
955
Calculate the highest common factor of 211328 and 7168.
128
What is the greatest common factor of 48 and 129396?
12
Calculate the greatest common divisor of 104 and 3341.
13
Calculate the highest common divisor of 325 and 14425.
25
What is the greatest common factor of 153 and 13?
1
What is the highest common factor of 1710 and 648850?
190
What is the greatest common factor of 116498 and 217?
31
What is the highest common divisor of 7120 and 19847?
89
What is the greatest common factor of 2204 and 16?
4
Calculate the greatest common factor of 1638054 and 594.
198
What is the highest common factor of 2288 and 122096?
208
What is the greatest common factor of 39 and 48?
3
Calculate the highest common factor of 2324 and 99102.
166
What is the greatest common factor of 3991 and 78?
13
What is the greatest common divisor of 2604 and 357?
21
Calculate the greatest common divisor of 7875038 and 94.
94
Calculate the highest common factor of 5332 and 3596.
124
What is the highest common divisor of 37421 and 207?
23
What is the highest common factor of 312 and 385944?
312
What is the greatest common factor of 2493071 and 2452?
613
Calculate the greatest common factor of 7614 and 1053.
81
Calculate the greatest common factor of 2103808 and 98.
14
What is the highest common factor of 5850 and 806?
26
What is the highest common divisor of 114 and 5252322?
114
Calculate the highest common divisor of 2101759 and 5181.
1727
What is the highest common factor of 817 and 4237?
19
What is the highest common divisor of 88973 and 922?
461
Calculate the greatest common factor of 1380 and 20815.
115
Calculate the greatest common divisor of 28640 and 288.
32
What is the highest common factor of 3018 and 255524?
1006
What is the highest common divisor of 7836 and 28932?
12
Calculate the greatest common divisor of 8 and 85112.
8
What is the highest common divisor of 486 and 108?
54
Calculate the highest common divisor of 10 and 1686970.
10
Calculate the greatest common factor of 5270 and 7922.
34
What is the highest common divisor of 1548 and 9116?
172
What is the highest common divisor of 54380 and 60?
20
What is the highest common factor of 684 and 33269?
19
What is the highest common divisor of 1155 and 1827?
21
Calculate the highest common divisor of 17408 and 65536.
1024
What is the greatest common divisor of 61838 and 18299?
631
Calculate the highest common factor of 19 and 2260639.
19
What is the highest common divisor of 12690 and 160?
10
Calculate the greatest common divisor of 611650 and 1950.
650
What is the highest common factor of 67 and 972505?
67
Calculate the greatest common divisor of 198051 and 21.
21
Calculate the highest common factor of 86305 and 1684.
421
Calculate the highest common factor of 4156 and 4.
4
Calculate the highest common divisor of 13079 and 44341.
319
What is the greatest common divisor of 356777 and 47?
47
What is the greatest common factor of 255983 and 9506?
679
Calculate the highest common divisor of 6 and 6226086.
6
Calculate the highest common divisor of 17330 and 250.
10
Calculate the highest common factor of 536 and 1016.
8
What is the highest common divisor of 49 and 394597?
49
Calculate the greatest common factor of 531 and 4932.
9
Calculate the greatest common factor of 8320 and 1820.
260
Calculate the highest common divisor of 4695 and 150.
15
What is the highest common factor of 1668 and 240?
12
What is the greatest common factor of 840 and 23?
1
Calculate the greatest common factor of 2336 and 212.
4
What is the highest common divisor of 97088 and 56?
8
Calculate the highest common divisor of 2839 and 1207.
17
What is the greatest common factor of 500318 and 91?
91
Calculate the greatest common divisor of 9 and 608247.
9
What is the greatest common factor of 571 and 53674?
571
Calculate the greatest common divisor of 2464 and 18.
2
Calculate the highest common factor of 40005 and 63.
63
Calculate the highest common factor of 318 and 40.
2
What is the greatest common factor of 7755 and 231?
33
Calculate the greatest common divisor of 144 and 134136.
72
What is the greatest common factor of 19594 and 20806?
202
Calculate the highest common divisor of 48816 and 8208.
432
Calculate the greatest common divisor of 168 and 2494506.
42
What is the highest common divisor of 157310 and 130?
10
Calculate the highest common divisor of 116547 and 12461.
733
Calculate the greatest common factor of 7 and 394464.
7
Calculate the highest common factor of 25 and 462025.
25
What is the highest common divisor of 8 and 17519048?
8
Calculate the highest common factor of 14060 and 90.
10
Calculate the highest common factor of 55 and 6259.
11
Calculate the highest common factor of 3120 and 159510.
390
What is the greatest common factor of 3150309 and 387?
129
What is the greatest common divisor of 300 and 501825?
75
Calculate the greatest common divisor of 2992 and 5500.
44
What is the highest common divisor of 30601 and 213?
71
What is the highest common factor of 763 and 8372?
7
What is the greatest common factor of 338 and 2?
2
What is the greatest common divisor of 139977 and 3171?
453
Calculate the highest common factor of 12957 and 112.
7
What is the greatest common factor of 715 and 143195?
65
Calculate the greatest common factor of 714674 and 248.
62
What is the highest common divisor of 91 and 4927?
13
Calculate the highest common divisor of 564 and 17.
1
What is the greatest common factor of 2754287 and 535?
107
What is the greatest common divisor of 55 and 15565?
55
Calculate the highest common divisor of 1195971 and 21.
21
What is the greatest common divisor of 2 and 7442?
2
What is the greatest common divisor of 214 and 1763039?
107
Calculate the highest common divisor of 730 and 7959190.
730
What is the greatest common factor of 645 and 132735?
15
Calculate the greatest common divisor of 2680 and 51925.
335
Calculate the highest common divisor of 304320 and 1344.
192
Calculate the greatest common divisor of 10032 and 171.
57
What is the highest common divisor of 10 and 392420?
10
What is the highest common factor of 531360 and 4?
4
Calculate the highest common divisor of 40 and 9425.
5
What is the highest common factor of 629 and 714877?
37
What is the greatest common factor of 120 and 4421520?
120
Calculate the greatest common factor of 9269 and 13156.
299
What is the greatest common factor of 647 and 2670169?
647
Calculate the highest common divisor of 4140 and 520.
20
Calculate the highest common factor of 115 and 235520.
115
What is the greatest common divisor of 15168 an